e -o*z = 8, 4*g - 3*g + 2*z = 8711. Is g a prime number?
True
Let h = 10 - 6. Suppose -s - 6 = -h. Is 853*1/(-1 - s) a prime number?
True
Is (50/(-10))/(8/173344*-4) a composite number?
True
Let a be 2670 + (7 - -3)/(-2). Suppose -x = 2*y - 6, -6*x + 3*x + 16 = 4*y. Suppose -v = x*v - a. Is v prime?
False
Let t = -7 + 11. Suppose t*a - 1059 - 421 = 0. Is a/(9/((-27)/(-6))) a prime number?
False
Suppose -22537*x = -22525*x - 1762644. Is x a composite number?
True
Let x(o) = -14 - 6*o - 16*o**2 + 17*o**2 - 2*o. Let h be x(7). Is 1/3 - 2030/h prime?
True
Let l = -29011 + 62556. Is l prime?
False
Let y be (-1)/(-2)*(5 - -21965)/5. Is y - 6/(-4)*4 composite?
False
Suppose -2*i + 74 = i - 5*p, 0 = -4*i - p + 68. Let k be (2/(-6))/((-74)/i - -4). Suppose v - 1865 = -4*j, k*j - 564 = -5*v + 822. Is j a composite number?
False
Let o = 54295 - -230406. Is o prime?
True
Let y(r) be the first derivative of 13 + 6*r**3 + 0*r + 11*r**2 + r - 12*r - 8*r. Is y(-10) a composite number?
True
Suppose 4*u = 17 + 19. Suppose u*t - 20154 = 3*t. Let l = t - 1666. Is l composite?
False
Let m be (-16)/10*(-102430)/8. Let c = -13035 + m. Is c composite?
False
Let z(l) = 3061*l - 298. Is z(3) prime?
False
Let i(x) be the third derivative of x**6/30 + x**5/20 + x**4/12 - 7*x**3/6 + 15*x**2. Let p be i(3). Suppose 6*s - p = 4*s. Is s a prime number?
True
Let y = 214 - 212. Suppose 7688 = y*o - 2*u, u + 4302 = 4*o - 11065. Is o composite?
True
Let m(j) = -597*j + 4. Let p(d) = 598*d - 5. Let z(a) = 5*m(a) + 4*p(a). Let r(y) = y**2 + 7*y - 65. Let s be r(5). Is z(s) prime?
False
Let u be (136/(-56) + 1)*(-14)/4. Suppose -p = -5*q - 484, q - 3*q - 212 = -u*p. Is 4/(q/(-4)) + 31652/24 prime?
True
Let c(h) be the third derivative of 0*h - 5/8*h**4 - 7/6*h**3 + 1/12*h**5 + 0 + 24*h**2. Is c(-11) a composite number?
True
Let z be ((-6)/(-4))/(6/12). Suppose 4*m - z*u + 194 = 2824, 3*u + 1974 = 3*m. Let d = m + 1037. Is d a prime number?
True
Suppose -6*h = 38566 - 1336. Let n = -48 - h. Is n a prime number?
False
Let j(b) = 56*b**2 + 86*b - 15. Let f(v) = 11*v**2 + 16*v - 3. Let g(z) = 11*f(z) - 2*j(z). Let a(i) = i**3 - 4*i**2 + 1. Let c be a(3). Is g(c) composite?
False
Let h(z) = -13*z - 4*z**2 - 36*z**3 - 12*z + 25*z**3 + 7*z - 83 + 15. Is h(-7) composite?
True
Suppose -5*d - 16 = -7*d. Suppose -7*z - 9967 = -d*z. Is z a prime number?
True
Let d(u) = 288*u - 14. Let o be d(27). Suppose 0 = 3*x + 2*q - 75463, -x + 3*q + 17374 = -o. Is x a prime number?
False
Let c be (7 + -1)/(2/(-2) + 2). Let z be ((-6)/(-4))/(c/12). Suppose -z*l + 483 = -0*l. Is l a composite number?
True
Let d = 197261 + -98640. Is d prime?
True
Let i = 589408 - -348363. Is i composite?
True
Let y(m) = m - 6. Let f be y(9). Let o be ((-1 - f)*1262)/(-2). Suppose -18*a + 22*a = o. Is a a prime number?
True
Suppose -446840 = -4*f + 3*z, 2*f - 24*z = -25*z + 223430. Is f a composite number?
True
Suppose -5 = -3*w - x - 3, -2*w = -4*x + 22. Let m(g) = -g**2. Let s(z) = -40*z**2 + 8*z + 14. Let q(f) = w*s(f) - 5*m(f). Is q(-5) a prime number?
True
Let q(k) = -289*k + 283202. Is q(0) prime?
False
Suppose 5*z + 3*t = -13694 + 257806, -4*t - 4 = 0. Is z a prime number?
True
Let c = -583320 + 1101973. Is c a composite number?
True
Let n = -961 - -2240. Let o = -722 + n. Is o prime?
True
Suppose 0 = -f - 9*f + 30. Suppose 0 = -f*o + 5*n + 2310, 0 = -5*o - n + 3*n + 3869. Let l = o - -66. Is l composite?
True
Let l be (-12)/36 + (-242)/(-6). Let m = -182 + 435. Let h = m + l. Is h a composite number?
False
Let r(g) = 134*g**3 - 8*g**2 - 16*g + 149. Is r(5) a prime number?
True
Let a = 827105 - 469288. Is a composite?
False
Suppose 2*d + 5*c - 9*c - 6744 = 0, 2*d - 6776 = -4*c. Let r = -380 - 1601. Let n = r + d. Is n a composite number?
False
Let g = 97 - 105. Let r be (-182)/(-15) + g/60. Let h(b) = 2*b**2 + 21*b + 13. Is h(r) prime?
False
Suppose -5*g + 0*g = -0*g. Suppose g = -2*l + l - 4*z + 353, l - 3*z = 388. Suppose -3*w + 2620 - l = -3*i, -2*w = 2*i - 1482. Is w a prime number?
False
Suppose -40 = -5*d + 5*u, -4*u + 3 = 3*d - 0. Suppose i - 5*q - 6364 = 0, -d*i + 36378 = -3*q + 4624. Is i composite?
True
Let w(f) = -f**3 + 142*f**2 - 258*f + 188. Is w(129) a composite number?
True
Let p(t) = 33*t**2 + 2*t - 8. Let k be 3818/(-782) - 2/17. Is p(k) composite?
True
Suppose -119892 = -2*w + 67466. Is w a prime number?
False
Suppose 7716 - 613299 = -5*t - 4*r, 242236 = 2*t + 3*r. Is t a composite number?
True
Let n(i) = -24*i - 47. Let p be n(-19). Suppose 0 = -2*c + 1249 + p. Suppose -2*q - 323 = -c. Is q composite?
True
Let k(w) = 3*w + 48. Let j be k(-16). Suppose -3*t - 304 = 4*n, 4*t + n + 3*n + 408 = j. Let o = t - -195. Is o a composite number?
True
Suppose 0 = d - 5*r - 185381, 741236 + 402 = 4*d - r. Is d a composite number?
True
Is ((-228)/32)/19 - 37255329/(-216) prime?
False
Let z be 16*(-70 - (-2)/(-2)). Let t(y) = 45*y**3 + y**2 + 31*y - 143. Let p be t(4). Let b = p + z. Is b a composite number?
False
Let n be 1788/15*(33/(-6) + 8). Is (146 + 13)/(6/n) composite?
True
Is (1/((-15)/3687966))/((416/(-65))/16) prime?
False
Let m be 0 + 4 + -3 + 660. Let x = 1993 - m. Let t = 1889 - x. Is t a composite number?
False
Suppose 0 = 5*w + 3*b + 1101, 4*w = 5*w + 5*b + 207. Is ((-2109740)/w)/(4/6) a prime number?
False
Let s be (-2)/5 - (-252)/(-20). Let o = s + 12. Is (3/o - (-1198 - 7)) + -3 a composite number?
True
Suppose 4*t = -3*t + 553. Let s = 64 - t. Is 56/2 + 18 + s a prime number?
True
Let j be -454 + (0 - -1)*-2. Let c = j + 1334. Is c a composite number?
True
Let h(v) = 99*v**2 - 16*v + 4. Let k be h(-13). Suppose s = 2*s - 2*u - 4235, -4*s + 5*u = -k. Suppose 552 = -5*y + s. Is y composite?
True
Let j(z) = 2*z**2 + 58*z + 28. Let s be j(-34). Is 0 - (-2 + s/2*-44) prime?
False
Suppose 5*x - 44993 = 4*i, 3*x - 5758 = 5*i + 21243. Is x prime?
False
Let g(i) = 6*i**3 + 3*i + 4. Let d be g(4). Suppose -d*n + 404*n = 580. Is n composite?
True
Let l(k) = 9*k**2 + 50*k - 11. Let y be l(-9). Suppose -r - 4*v = 107, -5*v = r - 6*r - 435. Let o = y + r. Is o a prime number?
False
Suppose -10025560 = -6*u + 3*u - 37*u. Is u composite?
True
Suppose 16644 = -4*u + 61*u. Let x = -149 + -52. Let i = u + x. Is i prime?
False
Let b = 39 - 64. Let j be (1334/8)/(b/100). Let v = j - -1358. Is v composite?
False
Let m(q) = -20351*q - 1941. Is m(-25) a prime number?
False
Suppose -27*y + 5*y = 44. Let j(r) = 193*r**2 - 8*r - 1. Is j(y) a prime number?
True
Let g = -30 - -33. Suppose 6 = -g*p, -3*r + 0*p - 167 = -5*p. Let m = r - -144. Is m prime?
False
Suppose 2*u - 224 = -g, 6*g - 224 = -2*u + 2*g. Suppose -j + 4*r = -0*j + 34, 5*j + 265 = r. Let b = u + j. Is b composite?
True
Suppose g + 15 = 5*q, -2*g = -5*q - 4*g + 30. Suppose 3162*r = 3158*r + 8. Is (-444)/(-8)*r + q composite?
True
Let w(z) = -4*z**3 - 87*z**2 + 99*z - 29. Is w(-31) prime?
False
Let u(b) = b**3 + 8*b**2 - 96*b + 35. Is u(24) composite?
True
Suppose 9 = -5*v + 34. Let t be v/(-1 + 2)*281. Suppose 4*r - 5555 = -3*k, -k + t = r + 3*k. Is r a prime number?
False
Suppose 20 - 12 = 2*r. Suppose 0 = r*m + 3*g - 17170, g - 6*g - 8572 = -2*m. Is m composite?
True
Let q = 79762 + -38429. Is q a prime number?
True
Let k = -2721 - -2720. Let u(r) be the second derivative of -956*r**3/3 + 3*r**2/2 + r. Is u(k) a prime number?
False
Is ((-124554)/(-2))/((-7)/(-18 + 12 + -1)) prime?
False
Let s = 70 - 46. Let b(v) = 21*v**2 - s*v**2 - 1 - 3*v**3 + v**3. Is b(-6) a prime number?
False
Suppose -6*q + 118 - 136 = 0. Is 0/(-1) - (q + 1257/(-3)) a prime number?
False
Let j(t) = 309 - 679*t + 345 - 761. Is j(-6) a composite number?
False
Let o(r) = r**3 + 15*r**2 + 2. Let j be o(-15). Suppose 0*k = j*k - 4. Suppose 0 = n, -n + k*n - 10916 = -4*l. Is l prime?
True
Let y(q) = 6 + 3*q - q**2 - 1 - q - 2. Let f be y(5). Is (-1)/(-6) + (-4018)/f a composite number?
True
Let r(h) = -5*h**3 - 2*h**2 - h - 1. Suppose -q - 2 + 1 = 0. Let y be r(q). Suppose g - 5*n - 284 = 0, 0 = -0*g + 2*g - y*n - 575. Is g composite?
True
Let o be 1/((-1)/(-4)*2). Let u be 6/2 + o/16*8. Suppose -4*d + 9183 = 5*a + 886, u*d = 12. Is a composite?
False
Let q be 243/4 - (2 - (-25)/(-20)). Let d = q - -97. Let r = 144 + d. Is r prime?
False
Is (-3 - (-737)/(-33) - -10)*97338/(-4) a comp